[INFO] cloning repository https://github.com/LFalch/arkanoid
[INFO] running `Command { std: "git" "-c" "credential.helper=" "-c" "credential.helper=/workspace/cargo-home/bin/git-credential-null" "clone" "--bare" "https://github.com/LFalch/arkanoid" "/workspace/cache/git-repos/https%3A%2F%2Fgithub.com%2FLFalch%2Farkanoid", kill_on_drop: false }`
[INFO] [stderr] Cloning into bare repository '/workspace/cache/git-repos/https%3A%2F%2Fgithub.com%2FLFalch%2Farkanoid'...
[INFO] running `Command { std: "git" "rev-parse" "HEAD", kill_on_drop: false }`
[INFO] [stdout] 79a7bb6fa40e2bd70a366df00dd047ecef0e9301
[INFO] checking LFalch/arkanoid against try#72f88fc4e9458f89516a0b8b0868f3718aec5b47 for pr-74989
[INFO] running `Command { std: "git" "clone" "/workspace/cache/git-repos/https%3A%2F%2Fgithub.com%2FLFalch%2Farkanoid" "/workspace/builds/worker-4/source", kill_on_drop: false }`
[INFO] [stderr] Cloning into '/workspace/builds/worker-4/source'...
[INFO] [stderr] done.
[INFO] validating manifest of git repo https://github.com/LFalch/arkanoid on toolchain 72f88fc4e9458f89516a0b8b0868f3718aec5b47
[INFO] running `Command { std: "/workspace/cargo-home/bin/cargo" "+72f88fc4e9458f89516a0b8b0868f3718aec5b47" "read-manifest" "--manifest-path" "Cargo.toml", kill_on_drop: false }`
[INFO] started tweaking git repo https://github.com/LFalch/arkanoid
[INFO] finished tweaking git repo https://github.com/LFalch/arkanoid
[INFO] tweaked toml for git repo https://github.com/LFalch/arkanoid written to /workspace/builds/worker-4/source/Cargo.toml
[INFO] crate git repo https://github.com/LFalch/arkanoid already has a lockfile, it will not be regenerated
[INFO] running `Command { std: "/workspace/cargo-home/bin/cargo" "+72f88fc4e9458f89516a0b8b0868f3718aec5b47" "fetch" "--locked" "--manifest-path" "Cargo.toml", kill_on_drop: false }`
[INFO] [stderr]  Downloading crates ...
[INFO] [stderr]   Downloaded smallvec v0.1.8
[INFO] [stderr]   Downloaded rustc-demangle v0.1.3
[INFO] [stderr]   Downloaded korome v0.14.1
[INFO] [stderr]   Downloaded serde v0.8.22
[INFO] [stderr]   Downloaded wayland-sys v0.7.6
[INFO] [stderr]   Downloaded wayland-client v0.7.6
[INFO] [stderr]   Downloaded glium v0.16.0
[INFO] [stderr]   Downloaded wayland-scanner v0.7.6
[INFO] [stderr]   Downloaded quick-error v1.1.0
[INFO] [stderr]   Downloaded adler32 v0.3.0
[INFO] [stderr]   Downloaded backtrace-sys v0.1.5
[INFO] [stderr]   Downloaded wayland-kbd v0.6.2
[INFO] [stderr]   Downloaded collider v0.2.0
[INFO] [stderr]   Downloaded image v0.12.1
[INFO] [stderr]   Downloaded deflate v0.7.2
[INFO] [stderr]   Downloaded winit v0.5.7
[INFO] [stderr]   Downloaded wayland-window v0.4.3
[INFO] [stderr]   Downloaded gleam v0.2.30
[INFO] [stderr]   Downloaded glutin v0.7.2
[INFO] running `Command { std: "docker" "create" "-v" "/var/lib/crater-agent-workspace/builds/worker-4/target:/opt/rustwide/target:rw,Z" "-v" "/var/lib/crater-agent-workspace/builds/worker-4/source:/opt/rustwide/workdir:ro,Z" "-v" "/var/lib/crater-agent-workspace/cargo-home:/opt/rustwide/cargo-home:ro,Z" "-v" "/var/lib/crater-agent-workspace/rustup-home:/opt/rustwide/rustup-home:ro,Z" "-e" "SOURCE_DIR=/opt/rustwide/workdir" "-e" "CARGO_TARGET_DIR=/opt/rustwide/target" "-e" "CARGO_HOME=/opt/rustwide/cargo-home" "-e" "RUSTUP_HOME=/opt/rustwide/rustup-home" "-w" "/opt/rustwide/workdir" "-m" "1610612736" "--user" "0:0" "--network" "none" "rustops/crates-build-env@sha256:d92eaeed33fa75130ca1ee6c8a01d1ffb62bac859dfdfb3450e3e5d1c0146529" "/opt/rustwide/cargo-home/bin/cargo" "+72f88fc4e9458f89516a0b8b0868f3718aec5b47" "metadata" "--no-deps" "--format-version=1", kill_on_drop: false }`
[INFO] [stdout] a2970e93676cf2c1500ed24e439f3d3e7f4d81afef2af8301362102b482a16b6
[INFO] [stderr] WARNING: Your kernel does not support swap limit capabilities or the cgroup is not mounted. Memory limited without swap.
[INFO] running `Command { std: "docker" "start" "-a" "a2970e93676cf2c1500ed24e439f3d3e7f4d81afef2af8301362102b482a16b6", kill_on_drop: false }`
[INFO] running `Command { std: "docker" "inspect" "a2970e93676cf2c1500ed24e439f3d3e7f4d81afef2af8301362102b482a16b6", kill_on_drop: false }`
[INFO] running `Command { std: "docker" "rm" "-f" "a2970e93676cf2c1500ed24e439f3d3e7f4d81afef2af8301362102b482a16b6", kill_on_drop: false }`
[INFO] [stdout] a2970e93676cf2c1500ed24e439f3d3e7f4d81afef2af8301362102b482a16b6
[INFO] running `Command { std: "docker" "create" "-v" "/var/lib/crater-agent-workspace/builds/worker-4/target:/opt/rustwide/target:rw,Z" "-v" "/var/lib/crater-agent-workspace/builds/worker-4/source:/opt/rustwide/workdir:ro,Z" "-v" "/var/lib/crater-agent-workspace/cargo-home:/opt/rustwide/cargo-home:ro,Z" "-v" "/var/lib/crater-agent-workspace/rustup-home:/opt/rustwide/rustup-home:ro,Z" "-e" "SOURCE_DIR=/opt/rustwide/workdir" "-e" "CARGO_TARGET_DIR=/opt/rustwide/target" "-e" "CARGO_INCREMENTAL=0" "-e" "RUST_BACKTRACE=full" "-e" "RUSTFLAGS=--cap-lints=forbid" "-e" "CARGO_HOME=/opt/rustwide/cargo-home" "-e" "RUSTUP_HOME=/opt/rustwide/rustup-home" "-w" "/opt/rustwide/workdir" "-m" "1610612736" "--user" "0:0" "--network" "none" "rustops/crates-build-env@sha256:d92eaeed33fa75130ca1ee6c8a01d1ffb62bac859dfdfb3450e3e5d1c0146529" "/opt/rustwide/cargo-home/bin/cargo" "+72f88fc4e9458f89516a0b8b0868f3718aec5b47" "check" "--frozen" "--all" "--all-targets" "--message-format=json", kill_on_drop: false }`
[INFO] [stdout] de09ff35ce8ba2d7ae41fa87a0d6092e290a7d2dbe52ce75dd696f761644afcc
[INFO] [stderr] WARNING: Your kernel does not support swap limit capabilities or the cgroup is not mounted. Memory limited without swap.
[INFO] running `Command { std: "docker" "start" "-a" "de09ff35ce8ba2d7ae41fa87a0d6092e290a7d2dbe52ce75dd696f761644afcc", kill_on_drop: false }`
[INFO] [stderr]    Compiling phf_shared v0.7.20
[INFO] [stderr]    Compiling libc v0.2.19
[INFO] [stderr]    Compiling winapi-build v0.1.1
[INFO] [stderr]    Compiling bitflags v0.7.0
[INFO] [stderr]    Compiling num-traits v0.1.36
[INFO] [stderr]    Compiling dtoa v0.2.2
[INFO] [stderr]    Compiling itoa v0.1.1
[INFO] [stderr]    Compiling serde v0.8.22
[INFO] [stderr]     Checking winapi v0.2.8
[INFO] [stderr]    Compiling semver v0.1.20
[INFO] [stderr]    Compiling khronos_api v1.0.0
[INFO] [stderr]    Compiling log v0.3.6
[INFO] [stderr]     Checking byteorder v0.5.3
[INFO] [stderr]    Compiling backtrace v0.2.3
[INFO] [stderr]     Checking adler32 v0.3.0
[INFO] [stderr]     Checking byteorder v1.0.0
[INFO] [stderr]     Checking fnv v1.0.5
[INFO] [stderr]     Checking rustc-demangle v0.1.3
[INFO] [stderr]     Checking cfg-if v0.1.0
[INFO] [stderr]     Checking inflate v0.1.1
[INFO] [stderr]     Checking smallvec v0.1.8
[INFO] [stderr]     Checking quick-error v1.1.0
[INFO] [stderr]     Checking shared_library v0.1.5
[INFO] [stderr]    Compiling x11-dl v2.12.0
[INFO] [stderr]     Checking enum_primitive v0.1.1
[INFO] [stderr]    Compiling backtrace-sys v0.1.5
[INFO] [stderr]    Compiling xml-rs v0.3.5
[INFO] [stderr]    Compiling phf v0.7.20
[INFO] [stderr]     Checking collider v0.2.0
[INFO] [stderr]     Checking num-bigint v0.1.35
[INFO] [stderr]     Checking deflate v0.7.2
[INFO] [stderr]    Compiling kernel32-sys v0.2.2
[INFO] [stderr]    Compiling dbghelp-sys v0.2.0
[INFO] [stderr]    Compiling rustc_version v0.1.7
[INFO] [stderr]     Checking osmesa-sys v0.1.2
[INFO] [stderr]    Compiling rand v0.3.15
[INFO] [stderr]     Checking fs2 v0.2.5
[INFO] [stderr]     Checking memmap v0.4.0
[INFO] [stderr]    Compiling tempfile v2.1.4
[INFO] [stderr]     Checking num-rational v0.1.35
[INFO] [stderr]    Compiling wayland-scanner v0.7.6
[INFO] [stderr]    Compiling gl_generator v0.5.2
[INFO] [stderr]    Compiling phf_generator v0.7.20
[INFO] [stderr]     Checking png v0.6.2
[INFO] [stderr]    Compiling phf_codegen v0.7.20
[INFO] [stderr]    Compiling target_build_utils v0.1.2
[INFO] [stderr]     Checking image v0.12.1
[INFO] [stderr]    Compiling wayland-client v0.7.6
[INFO] [stderr]    Compiling glutin v0.7.2
[INFO] [stderr]    Compiling glium v0.16.0
[INFO] [stderr]    Compiling serde_json v0.8.4
[INFO] [stderr]    Compiling libloading v0.3.1
[INFO] [stderr]     Checking dlib v0.3.1
[INFO] [stderr]     Checking wayland-sys v0.7.6
[INFO] [stderr]     Checking wayland-kbd v0.6.2
[INFO] [stderr]     Checking wayland-window v0.4.3
[INFO] [stderr]     Checking winit v0.5.7
[INFO] [stderr]     Checking korome v0.14.1
[INFO] [stdout] error[E0502]: cannot borrow `drawer.graphics.indices` as immutable because it is also borrowed as mutable
[INFO] [stdout]    --> /opt/rustwide/cargo-home/registry/src/github.com-1ecc6299db9ec823/korome-0.14.1/src/draw.rs:282:45
[INFO] [stdout]     |
[INFO] [stdout] 282 |         drawer.draw(&texture.vertex_buffer, &drawer.graphics.indices, &drawer.graphics.program, &uniforms, &drawer.graphics.params)
[INFO] [stdout]     |         ------ ----                         ^^^^^^^^^^^^^^^^^^^^^^^^ immutable borrow occurs here
[INFO] [stdout]     |         |      |
[INFO] [stdout]     |         |      mutable borrow later used by call
[INFO] [stdout]     |         mutable borrow occurs here
[INFO] [stdout] 
[INFO] [stdout] 
[INFO] [stdout] error[E0502]: cannot borrow `drawer.graphics.program` as immutable because it is also borrowed as mutable
[INFO] [stdout]    --> /opt/rustwide/cargo-home/registry/src/github.com-1ecc6299db9ec823/korome-0.14.1/src/draw.rs:282:71
[INFO] [stdout]     |
[INFO] [stdout] 282 |         drawer.draw(&texture.vertex_buffer, &drawer.graphics.indices, &drawer.graphics.program, &uniforms, &drawer.graphics.params)
[INFO] [stdout]     |         ------ ---- mutable borrow later used by call                 ^^^^^^^^^^^^^^^^^^^^^^^^ immutable borrow occurs here
[INFO] [stdout]     |         |
[INFO] [stdout]     |         mutable borrow occurs here
[INFO] [stdout] 
[INFO] [stdout] 
[INFO] [stdout] error[E0502]: cannot borrow `drawer.graphics.params` as immutable because it is also borrowed as mutable
[INFO] [stdout]    --> /opt/rustwide/cargo-home/registry/src/github.com-1ecc6299db9ec823/korome-0.14.1/src/draw.rs:282:108
[INFO] [stdout]     |
[INFO] [stdout] 282 |         drawer.draw(&texture.vertex_buffer, &drawer.graphics.indices, &drawer.graphics.program, &uniforms, &drawer.graphics.params)
[INFO] [stdout]     |         ------ ---- mutable borrow later used by call                                                      ^^^^^^^^^^^^^^^^^^^^^^^ immutable borrow occurs here
[INFO] [stdout]     |         |
[INFO] [stdout]     |         mutable borrow occurs here
[INFO] [stdout] 
[INFO] [stdout] 
[INFO] [stdout] error[E0502]: cannot borrow `drawer.graphics.indices` as immutable because it is also borrowed as mutable
[INFO] [stdout]    --> /opt/rustwide/cargo-home/registry/src/github.com-1ecc6299db9ec823/korome-0.14.1/src/draw.rs:368:42
[INFO] [stdout]     |
[INFO] [stdout] 368 |         drawer.draw(&quad.vertex_buffer, &drawer.graphics.indices, &drawer.graphics.colour_program, &uniforms, &drawer.graphics.params)
[INFO] [stdout]     |         ------ ----                      ^^^^^^^^^^^^^^^^^^^^^^^^ immutable borrow occurs here
[INFO] [stdout]     |         |      |
[INFO] [stdout]     |         |      mutable borrow later used by call
[INFO] [stdout]     |         mutable borrow occurs here
[INFO] [stdout] 
[INFO] [stdout] 
[INFO] [stdout] error[E0502]: cannot borrow `drawer.graphics.colour_program` as immutable because it is also borrowed as mutable
[INFO] [stdout]    --> /opt/rustwide/cargo-home/registry/src/github.com-1ecc6299db9ec823/korome-0.14.1/src/draw.rs:368:68
[INFO] [stdout]     |
[INFO] [stdout] 368 |         drawer.draw(&quad.vertex_buffer, &drawer.graphics.indices, &drawer.graphics.colour_program, &uniforms, &drawer.graphics.params)
[INFO] [stdout]     |         ------ ---- mutable borrow later used by call              ^^^^^^^^^^^^^^^^^^^^^^^^^^^^^^^ immutable borrow occurs here
[INFO] [stdout]     |         |
[INFO] [stdout]     |         mutable borrow occurs here
[INFO] [stdout] 
[INFO] [stdout] 
[INFO] [stdout] error[E0502]: cannot borrow `drawer.graphics.params` as immutable because it is also borrowed as mutable
[INFO] [stdout]    --> /opt/rustwide/cargo-home/registry/src/github.com-1ecc6299db9ec823/korome-0.14.1/src/draw.rs:368:112
[INFO] [stdout]     |
[INFO] [stdout] 368 |         drawer.draw(&quad.vertex_buffer, &drawer.graphics.indices, &drawer.graphics.colour_program, &uniforms, &drawer.graphics.params)
[INFO] [stdout]     |         ------ ---- mutable borrow later used by call                                                          ^^^^^^^^^^^^^^^^^^^^^^^ immutable borrow occurs here
[INFO] [stdout]     |         |
[INFO] [stdout]     |         mutable borrow occurs here
[INFO] [stdout] 
[INFO] [stdout] 
[INFO] [stdout] error: aborting due to 6 previous errors
[INFO] [stdout] 
[INFO] [stdout] 
[INFO] [stdout] For more information about this error, try `rustc --explain E0502`.
[INFO] [stdout] 
[INFO] [stderr] error: could not compile `korome`.
[INFO] [stderr] 
[INFO] [stderr] To learn more, run the command again with --verbose.
[INFO] running `Command { std: "docker" "inspect" "de09ff35ce8ba2d7ae41fa87a0d6092e290a7d2dbe52ce75dd696f761644afcc", kill_on_drop: false }`
[INFO] running `Command { std: "docker" "rm" "-f" "de09ff35ce8ba2d7ae41fa87a0d6092e290a7d2dbe52ce75dd696f761644afcc", kill_on_drop: false }`
[INFO] [stdout] de09ff35ce8ba2d7ae41fa87a0d6092e290a7d2dbe52ce75dd696f761644afcc
